[Sun Aug 30 03:03:57.333759 2026] [ssl:warn] [pid 19964:tid 19964] AH01909: thedevonshireteaguide.fremantlewa.com.au:443:0 server certificate does NOT include an ID which matches the server name
[Sun Aug 30 03:03:57.338104 2026] [ssl:warn] [pid 19964:tid 19964] AH01909: iamthevoiceofonecallinginthewilderness.daviddellit.com:443:0 server certificate does NOT include an ID which matches the server name
[Sun Aug 30 03:03:57.341106 2026] [ssl:warn] [pid 19964:tid 19964] AH01909: napatrapa.com.kcelcorp.com:443:0 server certificate does NOT include an ID which matches the server name
[Sun Aug 30 03:03:57.342082 2026] [ssl:warn] [pid 19964:tid 19964] AH01909: weareconnected.kcelcorp.com:443:0 server certificate does NOT include an ID which matches the server name
[Sun Aug 30 03:03:57.359509 2026] [ssl:warn] [pid 19964:tid 19964] AH01909: letter7brands.com:443:0 server certificate does NOT include an ID which matches the server name
[Sun Aug 30 03:03:57.364554 2026] [ssl:warn] [pid 19964:tid 19964] AH01909: homaale.com:443:0 server certificate does NOT include an ID which matches the server name
[Sun Aug 30 03:03:57.386509 2026] [ssl:warn] [pid 19964:tid 19964] AH01909: kcelcorp.com:443:0 server certificate does NOT include an ID which matches the server name
[Sun Aug 30 03:03:57.390834 2026] [ssl:warn] [pid 19964:tid 19964] AH01909: apexpreciousmetals.iragoldreview.com:443:0 server certificate does NOT include an ID which matches the server name
[Sun Aug 30 03:03:57.395558 2026] [ssl:warn] [pid 19964:tid 19964] AH01909: localhost:8443:0 server certificate does NOT include an ID which matches the server name
[Sun Aug 30 03:03:57.412891 2026] [qos:notice] [pid 19964:tid 19964] mod_qos(007): calculated MaxClients/MaxRequestWorkers (max connections): 6144, applied limit: 2048 (QS_MaxClients)
[Sun Aug 30 03:03:57.682850 2026] [http2:info] [pid 19964:tid 19964] AH03090: mod_http2 (v2.0.42, feats=CHPRIO+SHA256+INVHD+DWINS, nghttp2 1.70.0), initializing...
[Sun Aug 30 03:03:57.687931 2026] [mpm_event:notice] [pid 19964:tid 19964] AH00489: Apache/2.4.68 (cPanel) OpenSSL/3.5.5 Apache mod_qos/11.76 mod_bwlimited/1.4 mod_fcgid/2.3.9 mod_rbld2.0 configured -- resuming normal operations
[Sun Aug 30 03:03:57.687945 2026] [core:notice] [pid 19964:tid 19964] AH00094: Command line: '/usr/sbin/httpd'
[Sun Aug 30 03:03:58.741719 2026] [http2:info] [pid 488281:tid 488281] h2_workers: created with min=128 max=192 idle_ms=600000
[Sun Aug 30 03:03:58.765141 2026] [security2:error] [pid 488281:tid 488416] [client 20.48.251.3:59110] ModSecurity: Access denied with code 409 (phase 1). RBL lookup of 3.251.48.20.vulnscan.websitewelcome.com succeeded at REMOTE_ADDR. [file "/opt/mod_security/hg_rules.conf"] [line "1566"] [id "900933"] [msg "Vulnerability Scan RBL: vulnscan.websitewelcome.com"] [hostname "robertpitti.webnet-hosting4.com"] [uri "/error_log.php"] [unique_id "apPj7jIT5HeNE73zNfp9XAAAAIo"]
[Sun Aug 30 03:03:58.765155 2026] [security2:error] [pid 488281:tid 488414] [client 20.104.50.220:56714] ModSecurity: Access denied with code 409 (phase 1). RBL lookup of 220.50.104.20.vulnscan.websitewelcome.com succeeded at REMOTE_ADDR. [file "/opt/mod_security/hg_rules.conf"] [line "1566"] [id "900933"] [msg "Vulnerability Scan RBL: vulnscan.websitewelcome.com"] [hostname "cpanel.love-texas-holdem.com"] [uri "/wp-content/pluginswp-freeform/black2llleaf.php"] [unique_id "apPj7jIT5HeNE73zNfp9WgAAAIg"]
[Sun Aug 30 03:03:58.765189 2026] [security2:error] [pid 488281:tid 488418] [client 68.155.159.216:54727] ModSecurity: Access denied with code 409 (phase 1). RBL lookup of 216.159.155.68.vulnscan.websitewelcome.com succeeded at REMOTE_ADDR. [file "/opt/mod_security/hg_rules.conf"] [line "1566"] [id "900933"] [msg "Vulnerability Scan RBL: vulnscan.websitewelcome.com"] [hostname "webmail.onthedomain.com"] [uri "/makeasmtp.php"] [unique_id "apPj7jIT5HeNE73zNfp9XwAAAIw"]
[Sun Aug 30 03:03:58.765216 2026] [security2:error] [pid 488281:tid 488437] [client 20.48.251.3:29997] ModSecurity: Access denied with code 409 (phase 1). RBL lookup of 3.251.48.20.vulnscan.websitewelcome.com succeeded at REMOTE_ADDR. [file "/opt/mod_security/hg_rules.conf"] [line "1566"] [id "900933"] [msg "Vulnerability Scan RBL: vulnscan.websitewelcome.com"] [hostname "webdisk.lastmaskcenter.org"] [uri "/pass4.php"] [unique_id "apPj7jIT5HeNE73zNfp9ZwAAAJ8"]
[Sun Aug 30 03:03:58.765237 2026] [security2:error] [pid 488281:tid 488436] [client 20.104.18.15:31590] ModSecurity: Access denied with code 409 (phase 1). RBL lookup of 15.18.104.20.vulnscan.websitewelcome.com succeeded at REMOTE_ADDR. [file "/opt/mod_security/hg_rules.conf"] [line "1566"] [id "900933"] [msg "Vulnerability Scan RBL: vulnscan.websitewelcome.com"] [hostname "mail.avenuelesrogim.com"] [uri "/simple.php"] [unique_id "apPj7jIT5HeNE73zNfp9ZgAAAJ4"]
[Sun Aug 30 03:03:58.765332 2026] [security2:error] [pid 488281:tid 488413] [client 20.104.50.220:62004] ModSecurity: Access denied with code 409 (phase 1). RBL lookup of 220.50.104.20.vulnscan.websitewelcome.com succeeded at REMOTE_ADDR. [file "/opt/mod_security/hg_rules.conf"] [line "1566"] [id "900933"] [msg "Vulnerability Scan RBL: vulnscan.websitewelcome.com"] [hostname "www.richardmudzingwa.com.maarifado.com"] [uri "/aku.php"] [unique_id "apPj7jIT5HeNE73zNfp9WwAAAIc"]
[Sun Aug 30 03:03:58.765453 2026] [security2:error] [pid 488281:tid 488415] [client 20.48.251.3:55466] ModSecurity: Access denied with code 409 (phase 1). RBL lookup of 3.251.48.20.vulnscan.websitewelcome.com succeeded at REMOTE_ADDR. [file "/opt/mod_security/hg_rules.conf"] [line "1566"] [id "900933"] [msg "Vulnerability Scan RBL: vulnscan.websitewelcome.com"] [hostname "cpcontacts.krisestep.com"] [uri "/guk.php"] [unique_id "apPj7jIT5HeNE73zNfp9XQAAAIk"]
[Sun Aug 30 03:03:58.765498 2026] [security2:error] [pid 488281:tid 488417] [client 68.155.159.216:59331] ModSecurity: Access denied with code 409 (phase 1). RBL lookup of 216.159.155.68.vulnscan.websitewelcome.com succeeded at REMOTE_ADDR. [file "/opt/mod_security/hg_rules.conf"] [line "1566"] [id "900933"] [msg "Vulnerability Scan RBL: vulnscan.websitewelcome.com"] [hostname "autodiscover.buurtsportcoachamsterdam.nl"] [uri "/wp-includes/css/index.php"] [unique_id "apPj7jIT5HeNE73zNfp9XgAAAIs"]
[Sun Aug 30 03:03:58.765560 2026] [security2:error] [pid 488281:tid 488412] [client 20.104.50.220:62832] ModSecurity: Access denied with code 409 (phase 1). RBL lookup of 220.50.104.20.vulnscan.websitewelcome.com succeeded at REMOTE_ADDR. [file "/opt/mod_security/hg_rules.conf"] [line "1566"] [id "900933"] [msg "Vulnerability Scan RBL: vulnscan.websitewelcome.com"] [hostname "nhlhockeybythenumbers.michaelegenolf.com"] [uri "/edit-video.php"] [unique_id "apPj7jIT5HeNE73zNfp9WAAAAIY"]
[Sun Aug 30 03:03:58.765591 2026] [security2:error] [pid 488281:tid 488433] [client 20.104.50.220:29848] ModSecurity: Access denied with code 409 (phase 1). RBL lookup of 220.50.104.20.vulnscan.websitewelcome.com succeeded at REMOTE_ADDR. [file "/opt/mod_security/hg_rules.conf"] [line "1566"] [id "900933"] [msg "Vulnerability Scan RBL: vulnscan.websitewelcome.com"] [hostname "michelleshell.com"] [uri "/Store.php"] [unique_id "apPj7jIT5HeNE73zNfp9YwAAAJs"]
[Sun Aug 30 03:03:58.765661 2026] [security2:error] [pid 488281:tid 488435] [client 20.104.49.130:57626] ModSecurity: Access denied with code 409 (phase 1). RBL lookup of 130.49.104.20.vulnscan.websitewelcome.com succeeded at REMOTE_ADDR. [file "/opt/mod_security/hg_rules.conf"] [line "1566"] [id "900933"] [msg "Vulnerability Scan RBL: vulnscan.websitewelcome.com"] [hostname "cpanel.getabikini.com"] [uri "/media.php"] [unique_id "apPj7jIT5HeNE73zNfp9ZQAAAJ0"]
[Sun Aug 30 03:03:58.765670 2026] [security2:error] [pid 488281:tid 488432] [client 20.104.50.220:33591] ModSecurity: Access denied with code 409 (phase 1). RBL lookup of 220.50.104.20.vulnscan.websitewelcome.com succeeded at REMOTE_ADDR. [file "/opt/mod_security/hg_rules.conf"] [line "1566"] [id "900933"] [msg "Vulnerability Scan RBL: vulnscan.websitewelcome.com"] [hostname "mail.icanto.com"] [uri "/webshell.php"] [unique_id "apPj7jIT5HeNE73zNfp9YgAAAJo"]
[Sun Aug 30 03:03:58.765690 2026] [security2:error] [pid 488281:tid 488434] [client 20.220.10.235:47034] ModSecurity: Access denied with code 409 (phase 1). RBL lookup of 235.10.220.20.vulnscan.websitewelcome.com succeeded at REMOTE_ADDR. [file "/opt/mod_security/hg_rules.conf"] [line "1566"] [id "900933"] [msg "Vulnerability Scan RBL: vulnscan.websitewelcome.com"] [hostname "webmail.centrofruttadue.it"] [uri "/wp-content/plugins/hellopress/wp_filemanager.php"] [unique_id "apPj7jIT5HeNE73zNfp9ZAAAAJw"]
[Sun Aug 30 03:03:58.765856 2026] [security2:error] [pid 488281:tid 488449] [client 20.104.50.220:5928] ModSecurity: Access denied with code 409 (phase 1). RBL lookup of 220.50.104.20.vulnscan.websitewelcome.com succeeded at REMOTE_ADDR. [file "/opt/mod_security/hg_rules.conf"] [line "1566"] [id "900933"] [msg "Vulnerability Scan RBL: vulnscan.websitewelcome.com"] [hostname "www.camboconsulting.cover789.com"] [uri "/htaccess.php"] [unique_id "apPj7jIT5HeNE73zNfp9aQAAAKs"]
[Sun Aug 30 03:03:58.766554 2026] [security2:error] [pid 488281:tid 488469] [client 20.104.50.220:31934] ModSecurity: Access denied with code 409 (phase 1). RBL lookup of 220.50.104.20.vulnscan.websitewelcome.com succeeded at REMOTE_ADDR. [file "/opt/mod_security/hg_rules.conf"] [line "1566"] [id "900933"] [msg "Vulnerability Scan RBL: vulnscan.websitewelcome.com"] [hostname "www.38cupscreen.cover789.com"] [uri "/gel4y.php"] [unique_id "apPj7jIT5HeNE73zNfp9agAAAL8"]
[Sun Aug 30 03:03:58.767018 2026] [security2:error] [pid 488281:tid 488453] [client 20.104.49.130:36606] ModSecurity: Access denied with code 409 (phase 1). RBL lookup of 130.49.104.20.vulnscan.websitewelcome.com succeeded at REMOTE_ADDR. [file "/opt/mod_security/hg_rules.conf"] [line "1566"] [id "900933"] [msg "Vulnerability Scan RBL: vulnscan.websitewelcome.com"] [hostname "webdisk.topatrust.com"] [uri "/init.php"] [unique_id "apPj7jIT5HeNE73zNfp9awAAAK8"]
[Sun Aug 30 03:03:58.767544 2026] [security2:error] [pid 488281:tid 488452] [client 20.104.18.15:9176] ModSecurity: Access denied with code 409 (phase 1). RBL lookup of 15.18.104.20.vulnscan.websitewelcome.com succeeded at REMOTE_ADDR. [file "/opt/mod_security/hg_rules.conf"] [line "1566"] [id "900933"] [msg "Vulnerability Scan RBL: vulnscan.websitewelcome.com"] [hostname "cpcontacts.reinerrecipes.com"] [uri "/beck.php"] [unique_id "apPj7jIT5HeNE73zNfp9bAAAAK4"]
[Sun Aug 30 03:03:58.768834 2026] [security2:error] [pid 488281:tid 488463] [client 20.48.251.3:64263] ModSecurity: Access denied with code 409 (phase 1). RBL lookup of 3.251.48.20.vulnscan.websitewelcome.com succeeded at REMOTE_ADDR. [file "/opt/mod_security/hg_rules.conf"] [line "1566"] [id "900933"] [msg "Vulnerability Scan RBL: vulnscan.websitewelcome.com"] [hostname "webmail.direcorgigames.com"] [uri "/wp-config.backup.php"] [unique_id "apPj7jIT5HeNE73zNfp9bgAAALk"]
[Sun Aug 30 03:03:58.769466 2026] [security2:error] [pid 488281:tid 488464] [client 20.104.50.220:62819] ModSecurity: Access denied with code 409 (phase 1). RBL lookup of 220.50.104.20.vulnscan.websitewelcome.com succeeded at REMOTE_ADDR. [file "/opt/mod_security/hg_rules.conf"] [line "1566"] [id "900933"] [msg "Vulnerability Scan RBL: vulnscan.websitewelcome.com"] [hostname "www.prod.sapientbydesign.com"] [uri "/s.php"] [unique_id "apPj7jIT5HeNE73zNfp9bwAAALo"]
[Sun Aug 30 03:03:58.769822 2026] [security2:error] [pid 488281:tid 488466] [client 20.104.49.130:51560] ModSecurity: Access denied with code 409 (phase 1). RBL lookup of 130.49.104.20.vulnscan.websitewelcome.com succeeded at REMOTE_ADDR. [file "/opt/mod_security/hg_rules.conf"] [line "1566"] [id "900933"] [msg "Vulnerability Scan RBL: vulnscan.websitewelcome.com"] [hostname "webmail.trinitytechnologics.com"] [uri "/amax.php"] [unique_id "apPj7jIT5HeNE73zNfp9cAAAALw"]
[Sun Aug 30 03:03:58.771269 2026] [security2:error] [pid 488281:tid 488476] [client 20.48.251.3:55695] ModSecurity: Access denied with code 409 (phase 1). RBL lookup of 3.251.48.20.vulnscan.websitewelcome.com succeeded at REMOTE_ADDR. [file "/opt/mod_security/hg_rules.conf"] [line "1566"] [id "900933"] [msg "Vulnerability Scan RBL: vulnscan.websitewelcome.com"] [hostname "cpcontacts.mizunewyork.com"] [uri "/8.php"] [unique_id "apPj7jIT5HeNE73zNfp9cgAAAMY"]
[Sun Aug 30 03:03:58.772635 2026] [security2:error] [pid 488281:tid 488485] [client 20.104.50.220:46171] ModSecurity: Access denied with code 409 (phase 1). RBL lookup of 220.50.104.20.vulnscan.websitewelcome.com succeeded at REMOTE_ADDR. [file "/opt/mod_security/hg_rules.conf"] [line "1566"] [id "900933"] [msg "Vulnerability Scan RBL: vulnscan.websitewelcome.com"] [hostname "cpanel.ianegenolf.com"] [uri "/wp-content/uploads/simple-file-list/fw.php"] [unique_id "apPj7jIT5HeNE73zNfp9dAAAAM8"]
[Sun Aug 30 03:03:58.772715 2026] [security2:error] [pid 488281:tid 488486] [client 20.48.251.3:44185] ModSecurity: Access denied with code 409 (phase 1). RBL lookup of 3.251.48.20.vulnscan.websitewelcome.com succeeded at REMOTE_ADDR. [file "/opt/mod_security/hg_rules.conf"] [line "1566"] [id "900933"] [msg "Vulnerability Scan RBL: vulnscan.websitewelcome.com"] [hostname "webdisk.wondertanks.com"] [uri "/erty.php"] [unique_id "apPj7jIT5HeNE73zNfp9dQAAANA"]
[Sun Aug 30 03:03:58.775908 2026] [security2:error] [pid 488281:tid 488504] [client 20.48.251.3:7392] ModSecurity: Access denied with code 409 (phase 1). RBL lookup of 3.251.48.20.vulnscan.websitewelcome.com succeeded at REMOTE_ADDR. [file "/opt/mod_security/hg_rules.conf"] [line "1566"] [id "900933"] [msg "Vulnerability Scan RBL: vulnscan.websitewelcome.com"] [hostname "mail.belgradeplace.com"] [uri "/sadd.php"] [unique_id "apPj7jIT5HeNE73zNfp9ewAAAOI"]
[Sun Aug 30 03:03:58.776157 2026] [security2:error] [pid 488281:tid 488450] [client 20.151.200.44:47074] ModSecurity: Access denied with code 409 (phase 1). RBL lookup of 44.200.151.20.vulnscan.websitewelcome.com succeeded at REMOTE_ADDR. [file "/opt/mod_security/hg_rules.conf"] [line "1566"] [id "900933"] [msg "Vulnerability Scan RBL: vulnscan.websitewelcome.com"] [hostname "btallinonesecurity.com"] [uri "/txets.php"] [unique_id "apPj7jIT5HeNE73zNfp9fAAAAKw"]
[Sun Aug 30 03:03:58.777322 2026] [security2:error] [pid 488281:tid 488512] [client 20.104.18.15:3914] ModSecurity: Access denied with code 409 (phase 1). RBL lookup of 15.18.104.20.vulnscan.websitewelcome.com succeeded at REMOTE_ADDR. [file "/opt/mod_security/hg_rules.conf"] [line "1566"] [id "900933"] [msg "Vulnerability Scan RBL: vulnscan.websitewelcome.com"] [hostname "1800rlawyer.com"] [uri "/wp-load.php"] [unique_id "apPj7jIT5HeNE73zNfp9gAAAAOo"]
[Sun Aug 30 03:03:58.778141 2026] [security2:error] [pid 488281:tid 488451] [client 158.23.147.79:55210] ModSecurity: Access denied with code 409 (phase 1). RBL lookup of 79.147.23.158.vulnscan.websitewelcome.com succeeded at REMOTE_ADDR. [file "/opt/mod_security/hg_rules.conf"] [line "1566"] [id "900933"] [msg "Vulnerability Scan RBL: vulnscan.websitewelcome.com"] [hostname "wildatlanticstories.gracejolliffe.com"] [uri "/wp-content/plugins/hellopress/wp_filemanager.php"] [unique_id "apPj7jIT5HeNE73zNfp9gwAAAK0"]
[Sun Aug 30 03:03:58.778447 2026] [security2:error] [pid 488281:tid 488431] [client 20.63.81.20:55439] ModSecurity: Access denied with code 409 (phase 1). RBL lookup of 20.81.63.20.vulnscan.websitewelcome.com succeeded at REMOTE_ADDR. [file "/opt/mod_security/hg_rules.conf"] [line "1566"] [id "900933"] [msg "Vulnerability Scan RBL: vulnscan.websitewelcome.com"] [hostname "webmail.khanwadeabutalib.org"] [uri "/wp-login.php"] [unique_id "apPj7jIT5HeNE73zNfp9YQAAAJk"]
[Sun Aug 30 03:03:58.778743 2026] [security2:error] [pid 488281:tid 488520] [client 20.104.49.130:43137] ModSecurity: Access denied with code 409 (phase 1). RBL lookup of 130.49.104.20.vulnscan.websitewelcome.com succeeded at REMOTE_ADDR. [file "/opt/mod_security/hg_rules.conf"] [line "1566"] [id "900933"] [msg "Vulnerability Scan RBL: vulnscan.websitewelcome.com"] [hostname "cpanel.wondertanks.com"] [uri "/bolt.php"] [unique_id "apPj7jIT5HeNE73zNfp9hQAAAPI"]
[Sun Aug 30 03:03:58.781844 2026] [security2:error] [pid 488281:tid 488536] [client 20.48.251.3:7082] ModSecurity: Access denied with code 409 (phase 1). RBL lookup of 3.251.48.20.vulnscan.websitewelcome.com succeeded at REMOTE_ADDR. [file "/opt/mod_security/hg_rules.conf"] [line "1566"] [id "900933"] [msg "Vulnerability Scan RBL: vulnscan.websitewelcome.com"] [hostname "cxgates.com"] [uri "/fns.php"] [unique_id "apPj7jIT5HeNE73zNfp9jAAAAQI"]
[Sun Aug 30 03:03:58.783815 2026] [security2:error] [pid 488281:tid 488472] [client 20.104.49.130:58098] ModSecurity: Access denied with code 409 (phase 1). RBL lookup of 130.49.104.20.vulnscan.websitewelcome.com succeeded at REMOTE_ADDR. [file "/opt/mod_security/hg_rules.conf"] [line "1566"] [id "900933"] [msg "Vulnerability Scan RBL: vulnscan.websitewelcome.com"] [hostname "webdisk.atstechsolution.com"] [uri "/wsd.php"] [unique_id "apPj7jIT5HeNE73zNfp9jgAAAMI"]
[Sun Aug 30 03:03:58.785936 2026] [authz_core:error] [pid 488281:tid 488430] [client 216.73.216.128:19695] AH01630: client denied by server configuration: /home4/letter7/public_html/index.php4
[Sun Aug 30 03:03:58.785946 2026] [authz_core:error] [pid 488281:tid 488411] [client 216.73.216.128:56935] AH01630: client denied by server configuration: /home4/letter7/public_html/index.php4
[Sun Aug 30 03:03:58.786393 2026] [authz_core:error] [pid 488281:tid 488411] [client 216.73.216.128:56935] AH01630: client denied by server configuration: /home4/letter7/public_html/index.php3
[Sun Aug 30 03:03:58.786393 2026] [authz_core:error] [pid 488281:tid 488430] [client 216.73.216.128:19695] AH01630: client denied by server configuration: /home4/letter7/public_html/index.php3
[Sun Aug 30 03:03:58.793054 2026] [security2:error] [pid 488281:tid 488454] [client 20.104.18.15:3847] ModSecurity: Access denied with code 409 (phase 1). RBL lookup of 15.18.104.20.vulnscan.websitewelcome.com succeeded at REMOTE_ADDR. [file "/opt/mod_security/hg_rules.conf"] [line "1566"] [id "900933"] [msg "Vulnerability Scan RBL: vulnscan.websitewelcome.com"] [hostname "lakewoodshuttle.deevosdesigns.com"] [uri "/wefile.php"] [unique_id "apPj7jIT5HeNE73zNfp9igAAALA"]
[Sun Aug 30 03:03:58.793217 2026] [security2:error] [pid 488281:tid 488528] [client 20.104.49.130:43798] ModSecurity: Access denied with code 409 (phase 1). RBL lookup of 130.49.104.20.vulnscan.websitewelcome.com succeeded at REMOTE_ADDR. [file "/opt/mod_security/hg_rules.conf"] [line "1566"] [id "900933"] [msg "Vulnerability Scan RBL: vulnscan.websitewelcome.com"] [hostname "webdisk.katbacon.com"] [uri "/echkm.php"] [unique_id "apPj7jIT5HeNE73zNfp9iQAAAPo"]
[Sun Aug 30 03:03:58.793628 2026] [authz_core:error] [pid 488281:tid 488484] [client 216.73.216.128:51358] AH01630: client denied by server configuration: /home4/letter7/public_html/index.php4
[Sun Aug 30 03:03:58.793998 2026] [authz_core:error] [pid 488281:tid 488432] [client 74.7.227.8:49200] AH01630: client denied by server configuration: /home4/letter7/public_html/index.php4, referer: http://www.ltr7.com//?p=%2Fusr%2Fshare%2Fdoc
[Sun Aug 30 03:03:58.794077 2026] [authz_core:error] [pid 488281:tid 488484] [client 216.73.216.128:51358] AH01630: client denied by server configuration: /home4/letter7/public_html/index.php3
[Sun Aug 30 03:03:58.794395 2026] [authz_core:error] [pid 488281:tid 488432] [client 74.7.227.8:49200] AH01630: client denied by server configuration: /home4/letter7/public_html/index.php3, referer: http://www.ltr7.com//?p=%2Fusr%2Fshare%2Fdoc
[Sun Aug 30 03:03:58.832243 2026] [authz_core:error] [pid 488281:tid 488420] [client 66.249.66.71:46339] AH01630: client denied by server configuration: /home4/letter7/public_html/index.php4
[Sun Aug 30 03:03:58.832732 2026] [authz_core:error] [pid 488281:tid 488420] [client 66.249.66.71:46339] AH01630: client denied by server configuration: /home4/letter7/public_html/index.php3
[Sun Aug 30 03:03:58.835590 2026] [security2:error] [pid 488281:tid 488426] [client 52.139.37.240:15046] ModSecurity: Access denied with code 409 (phase 1). RBL lookup of 240.37.139.52.vulnscan.websitewelcome.com succeeded at REMOTE_ADDR. [file "/opt/mod_security/hg_rules.conf"] [line "1566"] [id "900933"] [msg "Vulnerability Scan RBL: vulnscan.websitewelcome.com"] [hostname "chaseroach.site"] [uri "/wp-admin/maint/index.php"] [unique_id "apPj7jIT5HeNE73zNfp9vgAAAJQ"]
[Sun Aug 30 03:03:58.842601 2026] [authz_core:error] [pid 488281:tid 488529] [client 66.249.66.67:46675] AH01630: client denied by server configuration: /home4/letter7/public_html/index.php4
[Sun Aug 30 03:03:58.843394 2026] [authz_core:error] [pid 488281:tid 488529] [client 66.249.66.67:46675] AH01630: client denied by server configuration: /home4/letter7/public_html/index.php3
[Sun Aug 30 03:03:58.852035 2026] [authz_core:error] [pid 488281:tid 488513] [client 66.249.66.32:36704] AH01630: client denied by server configuration: /home4/letter7/public_html/index.php4
[Sun Aug 30 03:03:58.852636 2026] [authz_core:error] [pid 488281:tid 488513] [client 66.249.66.32:36704] AH01630: client denied by server configuration: /home4/letter7/public_html/index.php3
[Sun Aug 30 03:03:58.901275 2026] [security2:error] [pid 488281:tid 488439] [client 195.178.110.247:44636] ModSecurity: Access denied with code 409 (phase 1). RBL lookup of 247.110.178.195.vulnscan.websitewelcome.com succeeded at REMOTE_ADDR. [file "/opt/mod_security/hg_rules.conf"] [line "1566"] [id "900933"] [msg "Vulnerability Scan RBL: vulnscan.websitewelcome.com"] [hostname "webmail.ltr7.com"] [uri "/index.php"] [unique_id "apPj7jIT5HeNE73zNfp9xwAAAKE"]
[Sun Aug 30 03:03:58.918016 2026] [security2:error] [pid 488281:tid 488413] [client 158.23.147.79:55077] ModSecurity: Access denied with code 409 (phase 1). RBL lookup of 79.147.23.158.vulnscan.websitewelcome.com succeeded at REMOTE_ADDR. [file "/opt/mod_security/hg_rules.conf"] [line "1566"] [id "900933"] [msg "Vulnerability Scan RBL: vulnscan.websitewelcome.com"] [hostname "wildatlanticstories.gracejolliffe.com"] [uri "/this_is_a_new_hello_world.php"] [unique_id "apPj7jIT5HeNE73zNfp9yQAAAIc"]
[Sun Aug 30 03:03:58.920427 2026] [security2:error] [pid 488281:tid 488413] [client 20.63.81.20:55520] ModSecurity: Access denied with code 409 (phase 1). RBL lookup of 20.81.63.20.vulnscan.websitewelcome.com succeeded at REMOTE_ADDR. [file "/opt/mod_security/hg_rules.conf"] [line "1566"] [id "900933"] [msg "Vulnerability Scan RBL: vulnscan.websitewelcome.com"] [hostname "webmail.khanwadeabutalib.org"] [uri "/images.php"] [unique_id "apPj7jIT5HeNE73zNfp9ygAAAIc"]
[Sun Aug 30 03:03:58.955523 2026] [security2:error] [pid 488281:tid 488449] [client 49.13.164.148:42706] ModSecurity: Warning. Matched phrase "oBot" at REQUEST_HEADERS:User-Agent. [file "/opt/mod_security/hg_rules.conf"] [line "168"] [id "350001"] [msg "BAD BOT - Detected LOGGING"] [data "200"] [hostname "benchcreative.com.au"] [uri "/wp-content/endurance-page-cache/_index.html"] [unique_id "apPj7jIT5HeNE73zNfp9zQAAAKs"], referer: https://benchcreative.com.au/
[Sun Aug 30 03:03:58.978019 2026] [security2:error] [pid 488281:tid 488453] [client 74.7.241.147:34958] ModSecurity: Warning. Matched phrase "oBot" at REQUEST_HEADERS:User-Agent. [file "/opt/mod_security/hg_rules.conf"] [line "168"] [id "350001"] [msg "BAD BOT - Detected LOGGING"] [data "200"] [hostname "www.enterden.den-enterprises.com"] [uri "/index.php"] [unique_id "apPj7jIT5HeNE73zNfp9vwAAryc"]
[Sun Aug 30 03:03:58.989120 2026] [security2:error] [pid 488281:tid 488326] [remote 50.87.179.84:28972] ModSecurity: Access denied with code 409 (phase 1). RBL lookup of 84.179.87.50.testwprbl.websitewelcome.com succeeded at REMOTE_ADDR. [file "/opt/mod_security/hg_rules.conf"] [line "176"] [id "900407"] [msg "Wordpress and Joomla Brute RBL: testwprbl.websitewelcome.com"] [hostname "americanqualityhomeinspections.com"] [uri "/wp-login.php"] [unique_id "apPj7jIT5HeNE73zNfp91AAAwSw"]
[Sun Aug 30 03:03:59.023869 2026] [security2:error] [pid 488281:tid 488532] [client 34.131.221.169:33186] ModSecurity: Access denied with code 409 (phase 1). RBL lookup of 169.221.131.34.vulnscan.websitewelcome.com succeeded at REMOTE_ADDR. [file "/opt/mod_security/hg_rules.conf"] [line "1566"] [id "900933"] [msg "Vulnerability Scan RBL: vulnscan.websitewelcome.com"] [hostname "royal-polymer.com"] [uri "/dev/phpinfo.php"] [unique_id "apPj7zIT5HeNE73zNfp92wAAAP4"]
[Sun Aug 30 03:03:59.026933 2026] [security2:error] [pid 488281:tid 488458] [client 52.139.37.240:15094] ModSecurity: Access denied with code 409 (phase 1). RBL lookup of 240.37.139.52.vulnscan.websitewelcome.com succeeded at REMOTE_ADDR. [file "/opt/mod_security/hg_rules.conf"] [line "1566"] [id "900933"] [msg "Vulnerability Scan RBL: vulnscan.websitewelcome.com"] [hostname "chaseroach.site"] [uri "/wp-content/uploads/min.php"] [unique_id "apPj7zIT5HeNE73zNfp93AAAALQ"]
[Sun Aug 30 03:03:59.030449 2026] [security2:error] [pid 488281:tid 488446] [client 34.131.221.169:33200] ModSecurity: Access denied with code 409 (phase 1). RBL lookup of 169.221.131.34.vulnscan.websitewelcome.com succeeded at REMOTE_ADDR. [file "/opt/mod_security/hg_rules.conf"] [line "1566"] [id "900933"] [msg "Vulnerability Scan RBL: vulnscan.websitewelcome.com"] [hostname "royal-polymer-com.emetech.com"] [uri "/admin/phpinfo.php"] [unique_id "apPj7zIT5HeNE73zNfp93gAAAKg"]
[Sun Aug 30 03:03:59.068180 2026] [security2:error] [pid 488281:tid 488439] [client 195.178.110.247:23706] ModSecurity: Access denied with code 409 (phase 1). RBL lookup of 247.110.178.195.vulnscan.websitewelcome.com succeeded at REMOTE_ADDR. [file "/opt/mod_security/hg_rules.conf"] [line "1566"] [id "900933"] [msg "Vulnerability Scan RBL: vulnscan.websitewelcome.com"] [hostname "webmail.ltr7.com"] [uri "/index.php"] [unique_id "apPj7zIT5HeNE73zNfp94AAAAKE"]
[Sun Aug 30 03:03:59.126103 2026] [security2:error] [pid 488281:tid 488425] [client 178.159.37.16:50023] ModSecurity: Warning. Pattern match "/(contact(o|.?us)?|wp-comments-post|(send)?.?(form.)?e?mail(er)?|memberlist|send|contact.form(.handler)?|thankyou|leafmailer[0-9.]*)\\\\.php" at REQUEST_URI. [file "/opt/mod_security/hg_rules.conf"] [line "1546"] [id "900923"] [msg "contact form logging"] [hostname "geotravel.am"] [uri "/wp-comments-post.php"] [unique_id "apPj7zIT5HeNE73zNfp94gAAAJM"], referer: https://geotravel.am/discover-armenias-hidden-gems-tufenkian-avan-marak-tsapatagh-hotel/comment-page-269968/
[Sun Aug 30 03:03:59.165042 2026] [security2:error] [pid 488281:tid 488516] [client 20.63.81.20:55449] ModSecurity: Access denied with code 409 (phase 1). RBL lookup of 20.81.63.20.vulnscan.websitewelcome.com succeeded at REMOTE_ADDR. [file "/opt/mod_security/hg_rules.conf"] [line "1566"] [id "900933"] [msg "Vulnerability Scan RBL: vulnscan.websitewelcome.com"] [hostname "webmail.khanwadeabutalib.org"] [uri "/ops.php"] [unique_id "apPj7zIT5HeNE73zNfp94wAAAO4"]
[Sun Aug 30 03:03:59.264125 2026] [security2:error] [pid 488281:tid 488329] [remote 103.28.36.106:60500] ModSecurity: Access denied with code 409 (phase 1). RBL lookup of 106.36.28.103.testwprbl.websitewelcome.com succeeded at REMOTE_ADDR. [file "/opt/mod_security/hg_rules.conf"] [line "176"] [id "900407"] [msg "Wordpress and Joomla Brute RBL: testwprbl.websitewelcome.com"] [hostname "recoverymarine.com"] [uri "/wp-login.php"] [unique_id "apPj7zIT5HeNE73zNfp95wAAsi8"]
[Sun Aug 30 03:03:59.323149 2026] [security2:error] [pid 488281:tid 488467] [client 20.63.81.20:55499] ModSecurity: Access denied with code 409 (phase 1). RBL lookup of 20.81.63.20.vulnscan.websitewelcome.com succeeded at REMOTE_ADDR. [file "/opt/mod_security/hg_rules.conf"] [line "1566"] [id "900933"] [msg "Vulnerability Scan RBL: vulnscan.websitewelcome.com"] [hostname "webmail.khanwadeabutalib.org"] [uri "/4PJcpMFsD8B.php"] [unique_id "apPj7zIT5HeNE73zNfp97AAAAL0"]
[Sun Aug 30 03:03:59.326318 2026] [security2:error] [pid 488281:tid 488496] [client 52.139.37.240:15069] ModSecurity: Access denied with code 409 (phase 1). RBL lookup of 240.37.139.52.vulnscan.websitewelcome.com succeeded at REMOTE_ADDR. [file "/opt/mod_security/hg_rules.conf"] [line "1566"] [id "900933"] [msg "Vulnerability Scan RBL: vulnscan.websitewelcome.com"] [hostname "chaseroach.site"] [uri "/zoom1.php"] [unique_id "apPj7zIT5HeNE73zNfp97gAAANo"]
[Sun Aug 30 03:03:59.413014 2026] [security2:error] [pid 488281:tid 488485] [client 20.104.49.130:30046] ModSecurity: Access denied with code 409 (phase 1). RBL lookup of 130.49.104.20.vulnscan.websitewelcome.com succeeded at REMOTE_ADDR. [file "/opt/mod_security/hg_rules.conf"] [line "1566"] [id "900933"] [msg "Vulnerability Scan RBL: vulnscan.websitewelcome.com"] [hostname "cpanel.wondertanks.com"] [uri "/cilus.php"] [unique_id "apPj7zIT5HeNE73zNfp99wAAAM8"]
[Sun Aug 30 03:03:59.487624 2026] [security2:error] [pid 488281:tid 488484] [client 20.63.81.20:55467] ModSecurity: Access denied with code 409 (phase 1). RBL lookup of 20.81.63.20.vulnscan.websitewelcome.com succeeded at REMOTE_ADDR. [file "/opt/mod_security/hg_rules.conf"] [line "1566"] [id "900933"] [msg "Vulnerability Scan RBL: vulnscan.websitewelcome.com"] [hostname "webmail.khanwadeabutalib.org"] [uri "/3PJcpMFsD8B.php"] [unique_id "apPj7zIT5HeNE73zNfp9_QAAAM4"]
[Sun Aug 30 03:03:59.490041 2026] [security2:error] [pid 488281:tid 488495] [client 20.104.49.130:48373] ModSecurity: Access denied with code 409 (phase 1). RBL lookup of 130.49.104.20.vulnscan.websitewelcome.com succeeded at REMOTE_ADDR. [file "/opt/mod_security/hg_rules.conf"] [line "1566"] [id "900933"] [msg "Vulnerability Scan RBL: vulnscan.websitewelcome.com"] [hostname "webmail.trinitytechnologics.com"] [uri "/init.php"] [unique_id "apPj7zIT5HeNE73zNfp9_gAAANk"]
[Sun Aug 30 03:03:59.512977 2026] [authz_core:error] [pid 488281:tid 488506] [client 66.249.66.193:55983] AH01630: client denied by server configuration: /home4/letter7/public_html/index.php4
[Sun Aug 30 03:03:59.513471 2026] [authz_core:error] [pid 488281:tid 488506] [client 66.249.66.193:55983] AH01630: client denied by server configuration: /home4/letter7/public_html/index.php3
[Sun Aug 30 03:03:59.566930 2026] [security2:error] [pid 488281:tid 488515] [client 52.139.37.240:14393] ModSecurity: Access denied with code 409 (phase 1). RBL lookup of 240.37.139.52.vulnscan.websitewelcome.com succeeded at REMOTE_ADDR. [file "/opt/mod_security/hg_rules.conf"] [line "1566"] [id "900933"] [msg "Vulnerability Scan RBL: vulnscan.websitewelcome.com"] [hostname "chaseroach.site"] [uri "/lock360.php"] [unique_id "apPj7zIT5HeNE73zNfp-CAAAAO0"]
[Sun Aug 30 03:03:59.574580 2026] [authz_core:error] [pid 488281:tid 488455] [client 74.7.227.8:49200] AH01630: client denied by server configuration: /home4/letter7/public_html/index.php4, referer: http://www.ltr7.com//?p=%2Fusr%2Fshare%2Fdoc
[Sun Aug 30 03:03:59.575039 2026] [authz_core:error] [pid 488281:tid 488455] [client 74.7.227.8:49200] AH01630: client denied by server configuration: /home4/letter7/public_html/index.php3, referer: http://www.ltr7.com//?p=%2Fusr%2Fshare%2Fdoc
[Sun Aug 30 03:03:59.674193 2026] [security2:error] [pid 488281:tid 488451] [client 20.63.81.20:55534] ModSecurity: Access denied with code 409 (phase 1). RBL lookup of 20.81.63.20.vulnscan.websitewelcome.com succeeded at REMOTE_ADDR. [file "/opt/mod_security/hg_rules.conf"] [line "1566"] [id "900933"] [msg "Vulnerability Scan RBL: vulnscan.websitewelcome.com"] [hostname "webmail.khanwadeabutalib.org"] [uri "/about.php"] [unique_id "apPj7zIT5HeNE73zNfp-DgAAAK0"]
[Sun Aug 30 03:03:59.674222 2026] [security2:error] [pid 488281:tid 488489] [client 195.178.110.247:64264] ModSecurity: Access denied with code 409 (phase 1). RBL lookup of 247.110.178.195.vulnscan.websitewelcome.com succeeded at REMOTE_ADDR. [file "/opt/mod_security/hg_rules.conf"] [line "1566"] [id "900933"] [msg "Vulnerability Scan RBL: vulnscan.websitewelcome.com"] [hostname "royal-polymer-com.emetech.com"] [uri "/index.php"] [unique_id "apPj7zIT5HeNE73zNfp-DwAAANM"]
[Sun Aug 30 03:03:59.771414 2026] [security2:error] [pid 488281:tid 488517] [client 34.131.221.169:33226] ModSecurity: Access denied with code 409 (phase 1). RBL lookup of 169.221.131.34.vulnscan.websitewelcome.com succeeded at REMOTE_ADDR. [file "/opt/mod_security/hg_rules.conf"] [line "1566"] [id "900933"] [msg "Vulnerability Scan RBL: vulnscan.websitewelcome.com"] [hostname "royal-polymer-com.emetech.com"] [uri "/test/phpinfo.php"] [unique_id "apPj7zIT5HeNE73zNfp-GAAAAO8"]
[Sun Aug 30 03:03:59.776704 2026] [http2:info] [pid 488669:tid 488669] h2_workers: created with min=128 max=192 idle_ms=600000
[Sun Aug 30 03:03:59.790767 2026] [security2:error] [pid 488281:tid 488335] [remote 50.87.179.84:28984] ModSecurity: Access denied with code 409 (phase 1). RBL lookup of 84.179.87.50.testwprbl.websitewelcome.com succeeded at REMOTE_ADDR. [file "/opt/mod_security/hg_rules.conf"] [line "176"] [id "900407"] [msg "Wordpress and Joomla Brute RBL: testwprbl.websitewelcome.com"] [hostname "americanqualityhomeinspections.com"] [uri "/wp-login.php"] [unique_id "apPj7zIT5HeNE73zNfp-FgAA-TU"], referer: https://americanqualityhomeinspections.com/wp-login.php
[Sun Aug 30 03:03:59.803110 2026] [security2:error] [pid 488281:tid 488519] [client 34.131.221.169:33212] ModSecurity: Access denied with code 409 (phase 1). RBL lookup of 169.221.131.34.vulnscan.websitewelcome.com succeeded at REMOTE_ADDR. [file "/opt/mod_security/hg_rules.conf"] [line "1566"] [id "900933"] [msg "Vulnerability Scan RBL: vulnscan.websitewelcome.com"] [hostname "royal-polymer.com"] [uri "/old/phpinfo.php"] [unique_id "apPj7zIT5HeNE73zNfp-GgAAAPE"]
[Sun Aug 30 03:03:59.827470 2026] [security2:error] [pid 488281:tid 488517] [client 20.63.81.20:55365] ModSecurity: Access denied with code 409 (phase 1). RBL lookup of 20.81.63.20.vulnscan.websitewelcome.com succeeded at REMOTE_ADDR. [file "/opt/mod_security/hg_rules.conf"] [line "1566"] [id "900933"] [msg "Vulnerability Scan RBL: vulnscan.websitewelcome.com"] [hostname "webmail.khanwadeabutalib.org"] [uri "/admin.php/admin.php"] [unique_id "apPj7zIT5HeNE73zNfp-GwAAAO8"]
[Sun Aug 30 03:03:59.859839 2026] [security2:error] [pid 488281:tid 488449] [client 195.178.110.247:34568] ModSecurity: Access denied with code 409 (phase 1). RBL lookup of 247.110.178.195.vulnscan.websitewelcome.com succeeded at REMOTE_ADDR. [file "/opt/mod_security/hg_rules.conf"] [line "1566"] [id "900933"] [msg "Vulnerability Scan RBL: vulnscan.websitewelcome.com"] [hostname "royal-polymer-com.emetech.com"] [uri "/index.php"] [unique_id "apPj7zIT5HeNE73zNfp-HwAAAKs"]
[Sun Aug 30 03:03:59.872918 2026] [security2:error] [pid 488669:tid 488809] [client 52.139.37.240:15083] ModSecurity: Access denied with code 409 (phase 1). RBL lookup of 240.37.139.52.vulnscan.websitewelcome.com succeeded at REMOTE_ADDR. [file "/opt/mod_security/hg_rules.conf"] [line "1566"] [id "900933"] [msg "Vulnerability Scan RBL: vulnscan.websitewelcome.com"] [hostname "chaseroach.site"] [uri "/r.php"] [unique_id "apPj79Rh6OewFvqQpDk1lAAAAQw"]
[Sun Aug 30 03:03:59.872943 2026] [authz_core:error] [pid 488669:tid 488813] [client 66.249.66.194:51364] AH01630: client denied by server configuration: /home4/letter7/public_html/index.php4
[Sun Aug 30 03:03:59.873388 2026] [authz_core:error] [pid 488669:tid 488813] [client 66.249.66.194:51364] AH01630: client denied by server configuration: /home4/letter7/public_html/index.php3
[Sun Aug 30 03:03:59.896395 2026] [security2:error] [pid 488669:tid 488906] [client 20.48.251.3:29731] ModSecurity: Access denied with code 409 (phase 1). RBL lookup of 3.251.48.20.vulnscan.websitewelcome.com succeeded at REMOTE_ADDR. [file "/opt/mod_security/hg_rules.conf"] [line "1566"] [id "900933"] [msg "Vulnerability Scan RBL: vulnscan.websitewelcome.com"] [hostname "webdisk.lastmaskcenter.org"] [uri "/cu.php"] [unique_id "apPj79Rh6OewFvqQpDk1lwAAAW0"]
[Sun Aug 30 03:03:59.900117 2026] [security2:error] [pid 488669:tid 488873] [client 68.155.159.216:52805] ModSecurity: Access denied with code 409 (phase 1). RBL lookup of 216.159.155.68.vulnscan.websitewelcome.com succeeded at REMOTE_ADDR. [file "/opt/mod_security/hg_rules.conf"] [line "1566"] [id "900933"] [msg "Vulnerability Scan RBL: vulnscan.websitewelcome.com"] [hostname "autodiscover.buurtsportcoachamsterdam.nl"] [uri "/cgi-bin/wp-login.php"] [unique_id "apPj79Rh6OewFvqQpDk1lQAAAUw"]
[Sun Aug 30 03:03:59.901091 2026] [security2:error] [pid 488669:tid 488855] [client 20.104.50.220:6121] ModSecurity: Access denied with code 409 (phase 1). RBL lookup of 220.50.104.20.vulnscan.websitewelcome.com succeeded at REMOTE_ADDR. [file "/opt/mod_security/hg_rules.conf"] [line "1566"] [id "900933"] [msg "Vulnerability Scan RBL: vulnscan.websitewelcome.com"] [hostname "www.camboconsulting.cover789.com"] [uri "/readme.php"] [unique_id "apPj79Rh6OewFvqQpDk1mQAAATo"]
[Sun Aug 30 03:03:59.905475 2026] [security2:error] [pid 488669:tid 488855] [client 20.104.50.220:30274] ModSecurity: Access denied with code 409 (phase 1). RBL lookup of 220.50.104.20.vulnscan.websitewelcome.com succeeded at REMOTE_ADDR. [file "/opt/mod_security/hg_rules.conf"] [line "1566"] [id "900933"] [msg "Vulnerability Scan RBL: vulnscan.websitewelcome.com"] [hostname "michelleshell.com"] [uri "/Pdo.php"] [unique_id "apPj79Rh6OewFvqQpDk1nAAAATo"]
[Sun Aug 30 03:03:59.908985 2026] [security2:error] [pid 488669:tid 488846] [client 68.155.159.216:52720] ModSecurity: Access denied with code 409 (phase 1). RBL lookup of 216.159.155.68.vulnscan.websitewelcome.com succeeded at REMOTE_ADDR. [file "/opt/mod_security/hg_rules.conf"] [line "1566"] [id "900933"] [msg "Vulnerability Scan RBL: vulnscan.websitewelcome.com"] [hostname "webmail.onthedomain.com"] [uri "/wp-content/uploads/makeasmtp.php"] [unique_id "apPj79Rh6OewFvqQpDk1nQAAATE"]
[Sun Aug 30 03:03:59.911811 2026] [security2:error] [pid 488281:tid 488484] [client 20.48.251.3:51526] ModSecurity: Access denied with code 409 (phase 1). RBL lookup of 3.251.48.20.vulnscan.websitewelcome.com succeeded at REMOTE_ADDR. [file "/opt/mod_security/hg_rules.conf"] [line "1566"] [id "900933"] [msg "Vulnerability Scan RBL: vulnscan.websitewelcome.com"] [hostname "robertpitti.webnet-hosting4.com"] [uri "/phina.php"] [unique_id "apPj7zIT5HeNE73zNfp-JAAAAM4"]
[Sun Aug 30 03:03:59.911822 2026] [security2:error] [pid 488669:tid 488924] [client 20.104.18.15:3778] ModSecurity: Access denied with code 409 (phase 1). RBL lookup of 15.18.104.20.vulnscan.websitewelcome.com succeeded at REMOTE_ADDR. [file "/opt/mod_security/hg_rules.conf"] [line "1566"] [id "900933"] [msg "Vulnerability Scan RBL: vulnscan.websitewelcome.com"] [hostname "1800rlawyer.com"] [uri "/robot.php"] [unique_id "apPj79Rh6OewFvqQpDk1nwAAAX8"]
[Sun Aug 30 03:03:59.911921 2026] [security2:error] [pid 488669:tid 488819] [client 20.104.18.15:9102] ModSecurity: Access denied with code 409 (phase 1). RBL lookup of 15.18.104.20.vulnscan.websitewelcome.com succeeded at REMOTE_ADDR. [file "/opt/mod_security/hg_rules.conf"] [line "1566"] [id "900933"] [msg "Vulnerability Scan RBL: vulnscan.websitewelcome.com"] [hostname "cpcontacts.reinerrecipes.com"] [uri "/t3.php"] [unique_id "apPj79Rh6OewFvqQpDk1ngAAARY"]
[Sun Aug 30 03:03:59.911924 2026] [authz_core:error] [pid 488669:tid 488812] [client 66.249.66.77:57946] AH01630: client denied by server configuration: /home4/letter7/public_html/index.php4
[Sun Aug 30 03:03:59.912398 2026] [authz_core:error] [pid 488669:tid 488812] [client 66.249.66.77:57946] AH01630: client denied by server configuration: /home4/letter7/public_html/index.php3
[Sun Aug 30 03:03:59.913003 2026] [security2:error] [pid 488669:tid 488819] [client 20.104.50.220:51598] ModSecurity: Access denied with code 409 (phase 1). RBL lookup of 220.50.104.20.vulnscan.websitewelcome.com succeeded at REMOTE_ADDR. [file "/opt/mod_security/hg_rules.conf"] [line "1566"] [id "900933"] [msg "Vulnerability Scan RBL: vulnscan.websitewelcome.com"] [hostname "cpanel.love-texas-holdem.com"] [uri "/meiwei.php"] [unique_id "apPj79Rh6OewFvqQpDk1oAAAARY"]
[Sun Aug 30 03:03:59.916252 2026] [security2:error] [pid 488281:tid 488506] [client 20.48.251.3:54802] ModSecurity: Access denied with code 409 (phase 1). RBL lookup of 3.251.48.20.vulnscan.websitewelcome.com succeeded at REMOTE_ADDR. [file "/opt/mod_security/hg_rules.conf"] [line "1566"] [id "900933"] [msg "Vulnerability Scan RBL: vulnscan.websitewelcome.com"] [hostname "webmail.direcorgigames.com"] [uri "/edit.php"] [unique_id "apPj7zIT5HeNE73zNfp-JQAAAOQ"]
[Sun Aug 30 03:03:59.916656 2026] [security2:error] [pid 488281:tid 488460] [client 20.104.50.220:46645] ModSecurity: Access denied with code 409 (phase 1). RBL lookup of 220.50.104.20.vulnscan.websitewelcome.com succeeded at REMOTE_ADDR. [file "/opt/mod_security/hg_rules.conf"] [line "1566"] [id "900933"] [msg "Vulnerability Scan RBL: vulnscan.websitewelcome.com"] [hostname "cpanel.ianegenolf.com"] [uri "/wp-content/uploads/simple-file-list/alfa.php"] [unique_id "apPj7zIT5HeNE73zNfp-JgAAALY"]
[Sun Aug 30 03:03:59.919842 2026] [security2:error] [pid 488669:tid 488846] [client 20.48.251.3:59357] ModSecurity: Access denied with code 409 (phase 1). RBL lookup of 3.251.48.20.vulnscan.websitewelcome.com succeeded at REMOTE_ADDR. [file "/opt/mod_security/hg_rules.conf"] [line "1566"] [id "900933"] [msg "Vulnerability Scan RBL: vulnscan.websitewelcome.com"] [hostname "cpcontacts.mizunewyork.com"] [uri "/thui.php"] [unique_id "apPj79Rh6OewFvqQpDk1oQAAATE"]
[Sun Aug 30 03:03:59.921197 2026] [security2:error] [pid 488669:tid 488839] [client 20.104.18.15:31694] ModSecurity: Access denied with code 409 (phase 1). RBL lookup of 15.18.104.20.vulnscan.websitewelcome.com succeeded at REMOTE_ADDR. [file "/opt/mod_security/hg_rules.conf"] [line "1566"] [id "900933"] [msg "Vulnerability Scan RBL: vulnscan.websitewelcome.com"] [hostname "mail.avenuelesrogim.com"] [uri "/xty.php"] [unique_id "apPj79Rh6OewFvqQpDk1ogAAASo"]
[Sun Aug 30 03:03:59.928911 2026] [security2:error] [pid 488669:tid 488819] [client 20.104.18.15:3848] ModSecurity: Access denied with code 409 (phase 1). RBL lookup of 15.18.104.20.vulnscan.websitewelcome.com succeeded at REMOTE_ADDR. [file "/opt/mod_security/hg_rules.conf"] [line "1566"] [id "900933"] [msg "Vulnerability Scan RBL: vulnscan.websitewelcome.com"] [hostname "lakewoodshuttle.deevosdesigns.com"] [uri "/blog.php"] [unique_id "apPj79Rh6OewFvqQpDk1pAAAARY"]
[Sun Aug 30 03:03:59.929607 2026] [security2:error] [pid 488669:tid 488855] [client 20.48.251.3:23458] ModSecurity: Access denied with code 409 (phase 1). RBL lookup of 3.251.48.20.vulnscan.websitewelcome.com succeeded at REMOTE_ADDR. [file "/opt/mod_security/hg_rules.conf"] [line "1566"] [id "900933"] [msg "Vulnerability Scan RBL: vulnscan.websitewelcome.com"] [hostname "webdisk.wondertanks.com"] [uri "/wp-config.backup.php"] [unique_id "apPj79Rh6OewFvqQpDk1owAAATo"]
[Sun Aug 30 03:03:59.936106 2026] [security2:error] [pid 488281:tid 488462] [client 20.104.50.220:61954] ModSecurity: Access denied with code 409 (phase 1). RBL lookup of 220.50.104.20.vulnscan.websitewelcome.com succeeded at REMOTE_ADDR. [file "/opt/mod_security/hg_rules.conf"] [line "1566"] [id "900933"] [msg "Vulnerability Scan RBL: vulnscan.websitewelcome.com"] [hostname "www.richardmudzingwa.com.maarifado.com"] [uri "/syg.php"] [unique_id "apPj7zIT5HeNE73zNfp-JwAAALg"]
[Sun Aug 30 03:03:59.937457 2026] [security2:error] [pid 488281:tid 488474] [client 20.104.50.220:33082] ModSecurity: Access denied with code 409 (phase 1). RBL lookup of 220.50.104.20.vulnscan.websitewelcome.com succeeded at REMOTE_ADDR. [file "/opt/mod_security/hg_rules.conf"] [line "1566"] [id "900933"] [msg "Vulnerability Scan RBL: vulnscan.websitewelcome.com"] [hostname "mail.icanto.com"] [uri "/wso25.php"] [unique_id "apPj7zIT5HeNE73zNfp-KAAAAMQ"]
[Sun Aug 30 03:03:59.939640 2026] [security2:error] [pid 488669:tid 488846] [client 20.48.251.3:6979] ModSecurity: Access denied with code 409 (phase 1). RBL lookup of 3.251.48.20.vulnscan.websitewelcome.com succeeded at REMOTE_ADDR. [file "/opt/mod_security/hg_rules.conf"] [line "1566"] [id "900933"] [msg "Vulnerability Scan RBL: vulnscan.websitewelcome.com"] [hostname "mail.belgradeplace.com"] [uri "/application.config.php"] [unique_id "apPj79Rh6OewFvqQpDk1pgAAATE"]
[Sun Aug 30 03:03:59.951303 2026] [security2:error] [pid 488281:tid 488492] [client 20.104.50.220:31830] ModSecurity: Access denied with code 409 (phase 1). RBL lookup of 220.50.104.20.vulnscan.websitewelcome.com succeeded at REMOTE_ADDR. [file "/opt/mod_security/hg_rules.conf"] [line "1566"] [id "900933"] [msg "Vulnerability Scan RBL: vulnscan.websitewelcome.com"] [hostname "www.38cupscreen.cover789.com"] [uri "/contacts.php"] [unique_id "apPj7zIT5HeNE73zNfp-LAAAANY"]
[Sun Aug 30 03:03:59.956297 2026] [security2:error] [pid 488281:tid 488449] [client 74.7.228.1:0] ModSecurity: Warning. Matched phrase "oBot" at REQUEST_HEADERS:user-agent. [file "/opt/mod_security/hg_rules.conf"] [line "168"] [id "350001"] [msg "BAD BOT - Detected LOGGING"] [data "404"] [hostname "advanceshredding.com"] [uri "/cgi-sys/404.html"] [unique_id "apPj7zIT5HeNE73zNfp-KwAAAKs"]
[Sun Aug 30 03:03:59.969347 2026] [security2:error] [pid 488281:tid 488449] [client 20.48.251.3:55497] ModSecurity: Access denied with code 409 (phase 1). RBL lookup of 3.251.48.20.vulnscan.websitewelcome.com succeeded at REMOTE_ADDR. [file "/opt/mod_security/hg_rules.conf"] [line "1566"] [id "900933"] [msg "Vulnerability Scan RBL: vulnscan.websitewelcome.com"] [hostname "cpcontacts.krisestep.com"] [uri "/config_dev.php"] [unique_id "apPj7zIT5HeNE73zNfp-MQAAAKs"]
[Sun Aug 30 03:03:59.970539 2026] [security2:error] [pid 488669:tid 488808] [client 74.7.228.1:57032] ModSecurity: Warning. Matched phrase "oBot" at REQUEST_HEADERS:user-agent. [file "/opt/mod_security/hg_rules.conf"] [line "168"] [id "350001"] [msg "BAD BOT - Detected LOGGING"] [data "404"] [hostname "advanceshredding.com"] [uri "/robots.txt"] [unique_id "apPj79Rh6OewFvqQpDk1hQAAAQs"]
[Sun Aug 30 03:03:59.975341 2026] [security2:error] [pid 488281:tid 488460] [client 20.104.50.220:29581] ModSecurity: Access denied with code 409 (phase 1). RBL lookup of 220.50.104.20.vulnscan.websitewelcome.com succeeded at REMOTE_ADDR. [file "/opt/mod_security/hg_rules.conf"] [line "1566"] [id "900933"] [msg "Vulnerability Scan RBL: vulnscan.websitewelcome.com"] [hostname "nhlhockeybythenumbers.michaelegenolf.com"] [uri "/.well-known/up.php"] [unique_id "apPj7zIT5HeNE73zNfp-MwAAALY"]
[Sun Aug 30 03:03:59.980906 2026] [security2:error] [pid 488281:tid 488462] [client 20.63.81.20:55434] ModSecurity: Access denied with code 409 (phase 1). RBL lookup of 20.81.63.20.vulnscan.websitewelcome.com succeeded at REMOTE_ADDR. [file "/opt/mod_security/hg_rules.conf"] [line "1566"] [id "900933"] [msg "Vulnerability Scan RBL: vulnscan.websitewelcome.com"] [hostname "webmail.khanwadeabutalib.org"] [uri "/media.php"] [unique_id "apPj7zIT5HeNE73zNfp-NAAAALg"]
[Sun Aug 30 03:03:59.982211 2026] [authz_core:error] [pid 488281:tid 488468] [client 216.73.216.128:31956] AH01630: client denied by server configuration: /home4/letter7/public_html/index.php4
[Sun Aug 30 03:03:59.982761 2026] [authz_core:error] [pid 488281:tid 488468] [client 216.73.216.128:31956] AH01630: client denied by server configuration: /home4/letter7/public_html/index.php3
[Sun Aug 30 03:04:00.034171 2026] [security2:error] [pid 488669:tid 488916] [client 20.104.50.220:52858] ModSecurity: Access denied with code 409 (phase 1). RBL lookup of 220.50.104.20.vulnscan.websitewelcome.com succeeded at REMOTE_ADDR. [file "/opt/mod_security/hg_rules.conf"] [line "1566"] [id "900933"] [msg "Vulnerability Scan RBL: vulnscan.websitewelcome.com"] [hostname "www.prod.sapientbydesign.com"] [uri "/t.php"] [unique_id "apPj8NRh6OewFvqQpDk1sQAAAXc"]
[Sun Aug 30 03:04:00.058147 2026] [authz_core:error] [pid 488281:tid 488483] [client 66.249.66.37:43885] AH01630: client denied by server configuration: /home4/letter7/public_html/index.php4
[Sun Aug 30 03:04:00.058673 2026] [authz_core:error] [pid 488281:tid 488483] [client 66.249.66.37:43885] AH01630: client denied by server configuration: /home4/letter7/public_html/index.php3
[Sun Aug 30 03:04:00.071048 2026] [security2:error] [pid 488669:tid 488855] [client 52.139.37.240:14344] ModSecurity: Access denied with code 409 (phase 1). RBL lookup of 240.37.139.52.vulnscan.websitewelcome.com succeeded at REMOTE_ADDR. [file "/opt/mod_security/hg_rules.conf"] [line "1566"] [id "900933"] [msg "Vulnerability Scan RBL: vulnscan.websitewelcome.com"] [hostname "chaseroach.site"] [uri "/sf.php"] [unique_id "apPj8NRh6OewFvqQpDk1tgAAATo"]
[Sun Aug 30 03:04:00.077405 2026] [security2:error] [pid 488669:tid 488891] [client 114.119.142.232:33027] ModSecurity: Access denied with code 406 (phase 1). Pattern match "ZoominfoBot|NetcraftSurveyAgent|MJ12bot|(?i:BUbiNG)|D(?i:otbot)| oBot/|MegaIndex\\\\.ru|Barkrowler|Spbot|DomainCrawler|Seznam|CCBot|SiteExplorer|OpenLinkProfiler|Sogou web spider|360Spider|Semrush|Panscient|crawler\\\\.feedback([+]\\\\S+)?@gmail\\\\.com|MauiBo ..." at REQUEST_HEADERS:User-Agent. [file "/opt/mod_security/hg_rules.conf"] [line "585"] [id "999812"] [msg "Problematic Crawler"] [hostname "jasonsatterlund.com"] [uri "/the-abandon-movie/"] [unique_id "apPj8NRh6OewFvqQpDk1uAAAAV4"], referer: https://jasonsatterlund.com/the-abandon-movie/
[Sun Aug 30 03:04:00.095188 2026] [authz_core:error] [pid 488281:tid 488534] [client 74.7.227.8:49200] AH01630: client denied by server configuration: /home4/letter7/public_html/index.php4, referer: http://www.ltr7.com//?p=%2Fsys%2Fmodule%2Fnf_reject_ipv6%2Fholders
